1111
-2455 (base 9) to base 14
-94c
What is 10440 (base 5) in base 4?
23221
-7a1 (base 14) to base 4
-113221
552114 (base 6) to base 3
2022212201
Convert 37055 (base 8) to base 4.
3320231
What is 6984 (base 11) in base 8?
21717
533 (base 6) to base 7
405
What is 1101010100 (base 2) in base 12?
5b0
3353 (base 9) to base 7
10140
-222122 (base 5) to base 7
-31463
What is 538 (base 9) in base 10?
440
What is -222233 (base 5) in base 4?
-1322022
What is -40114 (base 8) in base 14?
-5dda
Convert 40054 (base 6) to base 7.
21133
3882 (base 11) to base 6
35215
What is -101010100 (base 3) in base 8?
-16324
-248 (base 10) to base 9
-305
What is 204 (base 16) in base 9?
633
What is -1674 (base 10) in base 16?
-68a
-7b (base 15) to base 14
-84
What is -1ba (base 13) in base 9?
-387
Convert -2420130 (base 5) to base 9.
-67704
What is 11452 (base 6) in base 2?
11010011000
cbc (base 13) to base 12
131b
Convert 312 (base 9) to base 12.
192
2314 (base 5) to base 7
655
What is 16db (base 14) in base 16?
1011
-610 (base 12) to base 13
-525
-f6e (base 16) to base 3
-12102022
What is -4434 (base 8) in base 14?
-bc8
What is 682 (base 12) in base 10?
962
218b6 (base 13) to base 8
166624
Convert 7174 (base 12) to base 6.
133024
-1544 (base 7) to base 4
-21230
What is 22c (base 13) in base 2?
101111000
Convert -20021201 (base 3) to base 2.
-1000111100110
244 (base 16) to base 6
2404
What is -765 (base 12) in base 15?
-4c5
What is 6152 (base 7) in base 11?
167a
What is 56212 (base 8) in base 12?
11862
-a6a (base 13) to base 4
-123302
What is -8429 (base 15) in base 8?
-66443
Convert -1c5e (base 16) to base 5.
-213022
-231144 (base 5) to base 10
-8299
1000 (base 6) to base 14
116
13014 (base 10) to base 2
11001011010110
What is -19c (base 16) in base 11?
-345
14351 (base 8) to base 7
24410
Convert -18187 (base 11) to base 6.
-314025
What is -59a (base 14) in base 7?
-3153
Convert 5b6 (base 15) to base 14.
688
-249 (base 16) to base 2
-1001001001
What is -1c1 (base 15) in base 13?
-253
Convert -11738 (base 14) to base 12.
-20786
-1633 (base 8) to base 16
-39b
-4023 (base 5) to base 11
-427
-31 (base 8) to base 16
-19
What is 423 (base 5) in base 6?
305
Convert -3017 (base 9) to base 7.
-6265
What is -3132 (base 10) in base 5?
-100012
What is 2587 (base 9) in base 14?
9ca
10244 (base 6) to base 7
4033
Convert 114a0 (base 11) to base 8.
40266
Convert 36b9 (base 12) to base 15.
1c79
What is 42ea (base 15) in base 10?
14170
What is -2f96 (base 16) in base 10?
-12182
Convert 200121 (base 3) to base 16.
1f6
Convert 25503 (base 8) to base 3.
120012012
c042 (base 14) to base 16
80da
Convert -1266 (base 7) to base 13.
-2b8
What is -1212 (base 3) in base 16?
-32
-264b (base 13) to base 6
-41155
What is 22877 (base 10) in base 9?
34338
Convert 6559 (base 11) to base 4.
2013033
Convert 5ce (base 15) to base 9.
1725
-44004 (base 5) to base 9
-4107
56077 (base 9) to base 14
d809
-12664 (base 7) to base 2
-110101100011
d5 (base 15) to base 12
148
Convert 140 (base 7) to base 3.
2212
Convert 10000101110 (base 2) to base 4.
100232
Convert -103113 (base 4) to base 13.
-744
What is 211223 (base 7) in base 5?
2131343
What is 310064 (base 7) in base 4?
30322010
-5387 (base 11) to base 4
-1233021
Convert 34422 (base 5) to base 10.
2487
What is 23339 (base 13) in base 8?
175414
-55 (base 7) to base 11
-37
What is -1001110101010 (base 2) in base 4?
-1032222
10111101221 (base 3) to base 11
47785
What is -17404 (base 11) in base 3?
-1020112102
What is -1202221 (base 3) in base 2?
-10100001110
What is -3888 (base 12) in base 9?
-8745
-442 (base 6) to base 12
-122
What is -5a35 (base 11) in base 3?
-101211201
What is -165 (base 9) in base 16?
-8c
What is -3024 (base 5) in base 14?
-1db
Convert 7f74 (base 16) to base 4.
13331310
Convert -3451 (base 6) to base 11.
-689
101010110 (base 2) to base 16
156
What is a144 (base 12) in base 14?
6524
Convert -3547 (base 16) to base 14.
-4d83
301666 (base 7) to base 6
1032334
What is 1124304 (base 6) in base 4?
32022100
11b (base 16) to base 12
1b7
Convert 837 (base 10) to base 12.
599
Convert 2435 (base 6) to base 9.
735
What is 21a (base 14) in base 2?
110100000
What is -66174 (base 10) in base 16?
-1027e
-2211220 (base 3) to base 6
-13340
What is 573 (base 9) in base 2?
111010111
What is -51b6 (base 12) in base 8?
-21332
Convert -78b (base 13) to base 11.
-a80
731 (base 16) to base 11
1424
Convert 31232 (base 4) to base 7.
2363
Convert 10 (base 14) to base 4.
32
What is 1606 (base 11) in base 5?
31223
-41243 (base 5) to base 7
-10603
Convert -92e9 (base 15) to base 14.
-b456
Convert 6453 (base 8) to base 15.
eeb
Convert 1a73 (base 11) to base 6.
20045
2388 (base 10) to base 2
100101010100
Convert -8d1 (base 16) to base 4.
-203101
dd6 (base 15) to base 16
c36
What is -50d (base 15) in base 8?
-2162
Convert 1b (base 13) to base 15.
19
3217 (base 9) to base 7
6616
Convert -283 (base 15) to base 6.
-2353
What is -485 (base 12) in base 7?
-1655
What is -2385 (base 14) in base 3?
-22111101
What is -5833 (base 11) in base 16?
-1deb
Convert 1100101011 (base 2) to base 15.
391
What is 444 (base 11) in base 12?
384
Convert -2760 (base 12) to base 9.
-6200
-12021021 (base 3) to base 11
-2982
Convert -3ae6 (base 15) to base 14.
-4835
Convert 2 (base 15) to base 13.
2
What is 41120 (base 5) in base 13?
1298
-1855 (base 15) to base 5
-132010
Convert -20023 (base 4) to base 12.
-377
Convert -71a7 (base 14) to base 6.
-230303
1211001020 (base 3) to base 11
24954
Convert -104144 (base 7) to base 15.
-5625
What is 11311 (base 4) in base 11?
30a
What is 3a2 (base 14) in base 5?
10410
Convert -563 (base 11) to base 12.
-482
19d6 (base 16) to base 11
4a73
What is -123330 (base 4) in base 8?
-3374
What is 14022 (base 10) in base 15?
424c
-501 (base 10) to base 12
-359
-49d (base 15) to base 5
-13143
Convert -1984b (base 13) to base 8.
-141125
What is -373 (base 10) in base 6?
-1421
What is 11000010 (base 3) in base 11?
2214
What is 21200111 (base 3) in base 16?
15e2
-142 (base 8) to base 9
-118
1321103 (base 4) to base 15
2478
Convert -10b9 (base 12) to base 2.
-11101001101
Convert -1642 (base 8) to base 10.
-930
What is -333023 (base 4) in base 13?
-1ac0
What is -11255 (base 7) in base 16?
-b42
-7020 (base 9) to base 4
-1100001
480 (base 10) to base 6
2120
-11345 (base 10) to base 13
-5219
What is -1566 (base 7) in base 5?
-10021
Convert -314523 (base 7) to base 8.
-152270
Convert -765 (base 9) to base 2.
-1001110010
Convert -1144 (base 10) to base 14.
-5ba
-122700 (base 8) to base 4
-22113000
Convert -19e (base 15) to base 14.
-1ca
-198 (base 12) to base 7
-521
What is 1952 (base 14) in base 10?
4580
What is -3678 (base 9) in base 14?
-1000
Convert 143042 (base 6) to base 11.
a275
What is -1333213 (base 4) in base 15?
-2647
-139d (base 15) to base 3
-12202111
What is -41a86 (base 11) in base 6?
-1151155
Convert -247 (base 16) to base 15.
-28d
-4820 (base 10) to base 3
-20121112
Convert 10101110 (base 2) to base 15.
b9
203045 (base 6) to base 8
37545
What is 2738 (base 16) in base 8?
23470
Convert 1001111011010 (base 2) to base 9.
6866
-24330 (base 10) to base 4
-11330022
Convert -5212 (base 7) to base 9.
-2444
What is -1571 (base 11) in base 13?
-bbc
What is -8e (base 15) in base 7?
-251
a81 (base 12) to base 13
913
-7027 (base 9) to base 11
-3942
11301 (base 11) to base 14
5d4c
-53536 (base 8) to base 13
-a246
Convert 183 (base 14) to base 9.
375
What is 20012202 (base 3) in base 11?
3448
-8654 (base 12) to base 11
-100a1
15553 (base 6) to base 16
a1d
Convert -29214 (base 10) to base 11.
-1aa49
Convert 12534 (base 11) to base 16.
4619
What is -400023 (base 5) in base 12?
-72a9
1002210 (base 3) to base 13
49b
What is 141344 (base 5) in base 7?
23024
What is -6453 (base 7) in base 11?
-17a4
What is 90 (base 10) in base 7?
156
181 (base 11) to base 10
210
4bc2 (base 15) to base 12
9425
What is 290a (base 11) in base 8?
7261
What is -210101011 (base 3) in base 9?
-23334
5907 (base 12) to base 8
23327
Convert -1110100 (base 2) to base 6.
-312
What is -1a4 (base 12) in base 8?
-414
-2241 (base 11) to base 7
-11412
Convert -11314 (base 7) to base 12.
-181a
What is 2244 (base 7) in base 9?
1106
22366 (base 8) to base 2
10010011110110
Convert 224 (base 12) to base 5.
2231
What is 